{"id":69970,"date":"2021-07-05T13:02:33","date_gmt":"2021-08-06T10:14:41","guid":{"rendered":"https:\/\/www.bormantextil.com\/inicio\/sem%20categoria\/aurora\/"},"modified":"2021-08-24T13:26:27","modified_gmt":"2021-08-24T11:26:27","slug":"aurora-2-pt","status":"publish","type":"product","link":"https:\/\/www.tiendadetelasyfornituras.com\/pt-pt\/inicio\/tecidos\/rede\/tecido-rede\/aurora-2-pt\/","title":{"rendered":"AURORA"},"content":{"rendered":"<p>Tissu filet avec finition d\u2019appr\u00eat. Habituellement utilis\u00e9 pour les applications qui n\u00e9cessitent une grande ventialtion<br \/>\nComposi\u00e7\u00e3o: 100% poli\u00e9ster<br \/>\nLargura: 1600 mm<br \/>\nGramagem: 110 g\/m2<br \/>\nRendimento:<br \/>\n1 kg = 9,09 m2<br \/>\n1 kg = 5,68 m\u00e8tres lineale<br \/>\nFormato: rolo 20-25 kg.<br \/>\nO pre\u00e7o mostrado \u00e9 o pre\u00e7o por kg.<\/p>\n","protected":false},"excerpt":{"rendered":"<p>Tissu filet AURORA<\/p>\n","protected":false},"featured_media":52440,"template":"","meta":{"_acf_changed":false,"site-sidebar-layout":"default","site-content-layout":"default","ast-site-content-layout":"default","site-content-style":"default","site-sidebar-style":"default","ast-global-header-display":"","ast-banner-title-visibility":"","ast-main-header-display":"","ast-hfb-above-header-display":"","ast-hfb-below-header-display":"","ast-hfb-mobile-header-display":"","site-post-title":"","ast-breadcrumbs-content":"","ast-featured-img":"","footer-sml-layout":"","ast-disable-related-posts":"","theme-transparent-header-meta":"default","adv-header-id-meta":"","stick-header-meta":"","header-above-stick-meta":"","header-main-stick-meta":"","header-below-stick-meta":"","astra-migrate-meta-layouts":"default","ast-page-background-enabled":"default","ast-page-background-meta":{"desktop":{"background-color":"var(--ast-global-color-4)","background-image":"","background-repeat":"repeat","background-position":"center center","background-size":"auto","background-attachment":"scroll","background-type":"","background-media":"","overlay-type":"","overlay-color":"","overlay-opacity":"","overlay-gradient":""},"tablet":{"background-color":"","background-image":"","background-repeat":"repeat","background-position":"center center","background-size":"auto","background-attachment":"scroll","background-type":"","background-media":"","overlay-type":"","overlay-color":"","overlay-opacity":"","overlay-gradient":""},"mobile":{"background-color":"","background-image":"","background-repeat":"repeat","background-position":"center center","background-size":"auto","background-attachment":"scroll","background-type":"","background-media":"","overlay-type":"","overlay-color":"","overlay-opacity":"","overlay-gradient":""}},"ast-content-background-meta":{"desktop":{"background-color":"var(--ast-global-color-5)","background-image":"","background-repeat":"repeat","background-position":"center center","background-size":"auto","background-attachment":"scroll","background-type":"","background-media":"","overlay-type":"","overlay-color":"","overlay-opacity":"","overlay-gradient":""},"tablet":{"background-color":"var(--ast-global-color-5)","background-image":"","background-repeat":"repeat","background-position":"center center","background-size":"auto","background-attachment":"scroll","background-type":"","background-media":"","overlay-type":"","overlay-color":"","overlay-opacity":"","overlay-gradient":""},"mobile":{"background-color":"var(--ast-global-color-5)","background-image":"","background-repeat":"repeat","background-position":"center center","background-size":"auto","background-attachment":"scroll","background-type":"","background-media":"","overlay-type":"","overlay-color":"","overlay-opacity":"","overlay-gradient":""}}},"product_brand":[],"product_cat":[2842],"product_tag":[591,1220],"class_list":{"0":"post-69970","1":"product","2":"type-product","3":"status-publish","4":"has-post-thumbnail","6":"product_cat-tecido-rede","7":"product_tag-mochila-pt","8":"product_tag-mochila-de-ginastica","9":"desktop-align-left","10":"tablet-align-left","11":"mobile-align-left","13":"first","14":"instock","15":"taxable","16":"shipping-taxable","17":"purchasable","18":"product-type-variable"},"acf":[],"_links":{"self":[{"href":"https:\/\/www.tiendadetelasyfornituras.com\/pt-pt\/wp-json\/wp\/v2\/product\/69970","targetHints":{"allow":["GET"]}}],"collection":[{"href":"https:\/\/www.tiendadetelasyfornituras.com\/pt-pt\/wp-json\/wp\/v2\/product"}],"about":[{"href":"https:\/\/www.tiendadetelasyfornituras.com\/pt-pt\/wp-json\/wp\/v2\/types\/product"}],"version-history":[{"count":1,"href":"https:\/\/www.tiendadetelasyfornituras.com\/pt-pt\/wp-json\/wp\/v2\/product\/69970\/revisions"}],"predecessor-version":[{"id":75031,"href":"https:\/\/www.tiendadetelasyfornituras.com\/pt-pt\/wp-json\/wp\/v2\/product\/69970\/revisions\/75031"}],"wp:featuredmedia":[{"embeddable":true,"href":"https:\/\/www.tiendadetelasyfornituras.com\/pt-pt\/wp-json\/wp\/v2\/media\/52440"}],"wp:attachment":[{"href":"https:\/\/www.tiendadetelasyfornituras.com\/pt-pt\/wp-json\/wp\/v2\/media?parent=69970"}],"wp:term":[{"taxonomy":"product_brand","embeddable":true,"href":"https:\/\/www.tiendadetelasyfornituras.com\/pt-pt\/wp-json\/wp\/v2\/product_brand?post=69970"},{"taxonomy":"product_cat","embeddable":true,"href":"https:\/\/www.tiendadetelasyfornituras.com\/pt-pt\/wp-json\/wp\/v2\/product_cat?post=69970"},{"taxonomy":"product_tag","embeddable":true,"href":"https:\/\/www.tiendadetelasyfornituras.com\/pt-pt\/wp-json\/wp\/v2\/product_tag?post=69970"}],"curies":[{"name":"wp","href":"https:\/\/api.w.org\/{rel}","templated":true}]}}

<p>Tissu filet avec finition d’apprêt. Habituellement utilisé pour les applications qui nécessitent une grande ventialtion<br />
Composição: 100% poliéster<br />
Largura: 1600 mm<br />
Gramagem: 110 g/m2<br />
Rendimento:<br />
1 kg = 9,09 m2<br />
1 kg = 5,68 mètres lineale<br />
Formato: rolo 20-25 kg.<br />
O preço mostrado é o preço por kg.</p>
