{"id":73681,"date":"2021-07-05T11:48:44","date_gmt":"2021-08-13T12:15:52","guid":{"rendered":"https:\/\/www.bormantextil.com\/inicio\/sem%20categoria\/dinar\/"},"modified":"2021-08-13T14:15:54","modified_gmt":"2021-08-13T12:15:54","slug":"dinar-pt","status":"publish","type":"product","link":"https:\/\/www.tiendadetelasyfornituras.com\/pt-pt\/inicio\/tecidos\/papel-anti-aderente\/termo-adesiva\/calada-termo-adesiva\/dinar-pt\/","title":{"rendered":"DINAR"},"content":{"rendered":"<p>Entretela termo adesiva de tecido de cala texturado. Serve para todo tipo de tecidos mas habitualmente se usa em alfaiataria para entretelar jaquetas, casacos e blasers<br \/>\nComposi\u00e7\u00e3o: base 100% poli\u00e9ster + adesivo<br \/>\nLargura: 1500 mm<br \/>\nAplica\u00e7\u00e3o: 130\u00baC &#8211; 15 s &#8211; 2 kg\/cm2<br \/>\nPeso: 120 g\/m2<br \/>\nFormato: rolo 100 metros<br \/>\nO pre\u00e7o mostrado \u00e9 o pre\u00e7o por metro<\/p>\n","protected":false},"excerpt":{"rendered":"<p>Entretela de tecido de cala termo adesiva DINAR<\/p>\n","protected":false},"featured_media":52213,"template":"","meta":{"_acf_changed":false,"site-sidebar-layout":"default","site-content-layout":"default","ast-site-content-layout":"default","site-content-style":"default","site-sidebar-style":"default","ast-global-header-display":"","ast-banner-title-visibility":"","ast-main-header-display":"","ast-hfb-above-header-display":"","ast-hfb-below-header-display":"","ast-hfb-mobile-header-display":"","site-post-title":"","ast-breadcrumbs-content":"","ast-featured-img":"","footer-sml-layout":"","ast-disable-related-posts":"","theme-transparent-header-meta":"default","adv-header-id-meta":"","stick-header-meta":"","header-above-stick-meta":"","header-main-stick-meta":"","header-below-stick-meta":"","astra-migrate-meta-layouts":"default","ast-page-background-enabled":"default","ast-page-background-meta":{"desktop":{"background-color":"var(--ast-global-color-4)","background-image":"","background-repeat":"repeat","background-position":"center center","background-size":"auto","background-attachment":"scroll","background-type":"","background-media":"","overlay-type":"","overlay-color":"","overlay-opacity":"","overlay-gradient":""},"tablet":{"background-color":"","background-image":"","background-repeat":"repeat","background-position":"center center","background-size":"auto","background-attachment":"scroll","background-type":"","background-media":"","overlay-type":"","overlay-color":"","overlay-opacity":"","overlay-gradient":""},"mobile":{"background-color":"","background-image":"","background-repeat":"repeat","background-position":"center center","background-size":"auto","background-attachment":"scroll","background-type":"","background-media":"","overlay-type":"","overlay-color":"","overlay-opacity":"","overlay-gradient":""}},"ast-content-background-meta":{"desktop":{"background-color":"var(--ast-global-color-5)","background-image":"","background-repeat":"repeat","background-position":"center center","background-size":"auto","background-attachment":"scroll","background-type":"","background-media":"","overlay-type":"","overlay-color":"","overlay-opacity":"","overlay-gradient":""},"tablet":{"background-color":"var(--ast-global-color-5)","background-image":"","background-repeat":"repeat","background-position":"center center","background-size":"auto","background-attachment":"scroll","background-type":"","background-media":"","overlay-type":"","overlay-color":"","overlay-opacity":"","overlay-gradient":""},"mobile":{"background-color":"var(--ast-global-color-5)","background-image":"","background-repeat":"repeat","background-position":"center center","background-size":"auto","background-attachment":"scroll","background-type":"","background-media":"","overlay-type":"","overlay-color":"","overlay-opacity":"","overlay-gradient":""}}},"product_brand":[],"product_cat":[2728],"product_tag":[],"class_list":{"0":"post-73681","1":"product","2":"type-product","3":"status-publish","4":"has-post-thumbnail","6":"product_cat-calada-termo-adesiva","7":"desktop-align-left","8":"tablet-align-left","9":"mobile-align-left","11":"first","12":"instock","13":"taxable","14":"shipping-taxable","15":"purchasable","16":"product-type-variable"},"acf":[],"_links":{"self":[{"href":"https:\/\/www.tiendadetelasyfornituras.com\/pt-pt\/wp-json\/wp\/v2\/product\/73681","targetHints":{"allow":["GET"]}}],"collection":[{"href":"https:\/\/www.tiendadetelasyfornituras.com\/pt-pt\/wp-json\/wp\/v2\/product"}],"about":[{"href":"https:\/\/www.tiendadetelasyfornituras.com\/pt-pt\/wp-json\/wp\/v2\/types\/product"}],"version-history":[{"count":1,"href":"https:\/\/www.tiendadetelasyfornituras.com\/pt-pt\/wp-json\/wp\/v2\/product\/73681\/revisions"}],"predecessor-version":[{"id":73683,"href":"https:\/\/www.tiendadetelasyfornituras.com\/pt-pt\/wp-json\/wp\/v2\/product\/73681\/revisions\/73683"}],"wp:featuredmedia":[{"embeddable":true,"href":"https:\/\/www.tiendadetelasyfornituras.com\/pt-pt\/wp-json\/wp\/v2\/media\/52213"}],"wp:attachment":[{"href":"https:\/\/www.tiendadetelasyfornituras.com\/pt-pt\/wp-json\/wp\/v2\/media?parent=73681"}],"wp:term":[{"taxonomy":"product_brand","embeddable":true,"href":"https:\/\/www.tiendadetelasyfornituras.com\/pt-pt\/wp-json\/wp\/v2\/product_brand?post=73681"},{"taxonomy":"product_cat","embeddable":true,"href":"https:\/\/www.tiendadetelasyfornituras.com\/pt-pt\/wp-json\/wp\/v2\/product_cat?post=73681"},{"taxonomy":"product_tag","embeddable":true,"href":"https:\/\/www.tiendadetelasyfornituras.com\/pt-pt\/wp-json\/wp\/v2\/product_tag?post=73681"}],"curies":[{"name":"wp","href":"https:\/\/api.w.org\/{rel}","templated":true}]}}

<p>Entretela termo adesiva de tecido de cala texturado. Serve para todo tipo de tecidos mas habitualmente se usa em alfaiataria para entretelar jaquetas, casacos e blasers<br />
Composição: base 100% poliéster + adesivo<br />
Largura: 1500 mm<br />
Aplicação: 130ºC &#8211; 15 s &#8211; 2 kg/cm2<br />
Peso: 120 g/m2<br />
Formato: rolo 100 metros<br />
O preço mostrado é o preço por metro</p>
